41. Let a = t - 34. Suppose -j + 5 + a = 0. List the prime factors of j.
2, 5
Suppose -53 = -5*i + 3*h, -3*i = i + 4*h - 36. Suppose 0 = 2*o - 0*o + i, -190 = -5*f + 3*o. List the prime factors of f.
5, 7
Suppose -6*h - 293 = 43. Let b = -20 - h. Suppose 6*l + b = 8*l. List the prime factors of l.
2, 3
Suppose 0 = h - 4*x - 10, -3*x + 6 = h - 5*x. Let m be (-2 - (h - 5)) + 2. Suppose -2*c = -4, m*o + 5*c - 29 = c. What are the prime factors of o?
7
Let o = 1017 + -567. Let a = o + -283. List the prime factors of a.
167
Let y = 20 + -23. Let m(u) = 1. Let h(i) = -2*i**3 - 3*i**2 - 6*i - 3. Let q(g) = h(g) + 6*m(g). List the prime factors of q(y).
2, 3
Let w(h) = 3*h**3 + 4*h**2 - 5*h - 3. Let v be w(3). Let z = 186 - v. What are the prime factors of z?
3, 29
Suppose 0 = 61*g - 63870 - 41355. List the prime factors of g.
3, 5, 23
Let t be (-245)/(-14) + (-1)/(-2). Suppose -5*u + 7 + t = 0. List the prime factors of u.
5
Let w = -97 - -94. What are the prime factors of (2/w)/((-1)/((-69)/(-2)))?
23
Suppose 3*g - 48 = 4*c - 150, 3*c - 129 = 4*g. List the prime factors of (g/(-9))/(-5) - (-26)/3.
2
What are the prime factors of 3/12*0 + 90 - 3?
3, 29
Let l(c) = c**2 + 11*c - 13. Let x be l(-14). Let t be (2 - 3)*-1*x. What are the prime factors of t - 5/((-20)/(-16))?
5
Suppose 5*k + 5*q = 130, 0 = -3*k - q + 47 + 35. List the prime factors of k.
2, 7
Let i = 1308 - -885. List the prime factors of i.
3, 17, 43
Suppose 4*s = -y - 3*y + 2180, -5*s + 2690 = -2*y. List the prime factors of s.
2, 3, 5
Suppose 2*s - 7*z = -3*z + 360, 350 = 2*s - 2*z. Suppose -2*j - 3*j = -2*x - 173, 5*x = 5*j - s. Suppose -4*n + j = n. List the prime factors of n.
7
What are the prime factors of -2 - -5 - 7*(-24)/1?
3, 19
Let m = -964 - -643. Let n = -75 - m. What are the prime factors of n?
2, 3, 41
Suppose 38*u + 725 = 39*u. Suppose 0 = l + 5*m - 10*m - 174, u = 5*l + 4*m. List the prime factors of l.
149
Let b = -2 + -13. Let d = -29 - -17. Let c = d - b. List the prime factors of c.
3
List the prime factors of 4/(-12) - 33*(-12)/54.
7
Suppose -2*z + 20 = -2*q, 4*z + q - 5 - 10 = 0. What are the prime factors of 423/15 - z*(-1)/(-25)?
2, 7
Suppose n - 4*p - 47 = -4*n, -4*n + 3*p + 37 = 0. Suppose -2*o - 2*o + 8 = 0, -4*o = a - 10. Let z = a + n. List the prime factors of z.
3
Let z(v) = 4*v**2 - v - 3. Let c = -9 + 12. Suppose 6*n + c = 5*n. What are the prime factors of z(n)?
2, 3
Suppose -8 = 4*s, 2*s - 3*s - 8267 = -5*l. What are the prime factors of l?
3, 19, 29
Let y be (28/6)/(6/(-45)). Let f = -26 - y. What are the prime factors of f?
3
Suppose -3781 = -0*u - 3*u - f, 0 = 2*u - 3*f - 2517. What are the prime factors of 2/((-5)/(u/(-8)))?
3, 7
Let i(x) = -2*x + 15. Let k be i(16). Let l = k + 19. Suppose l*f = -6, -4*g + 7*f + 165 = 4*f. List the prime factors of g.
3, 13
Let z = 1802 + -1215. What are the prime factors of z?
587
List the prime factors of 1/((-4)/(-11672)) + 26/13.
2, 5, 73
Suppose 4*o + 10 = 2*x - 8, 0 = x + o. Suppose -z = -3*t + 2*t + 1, -x*t + 4*z + 5 = 0. List the prime factors of -2 - (-22)/(-2)*t.
3
What are the prime factors of 17/(102/12348) + (-2)/1?
2, 257
Let r = -999 - -979. Suppose v + 5*g + 1 = 0, 0*g - 3*g + 1 = v. List the prime factors of 2 - (-2 + r + v).
2, 5
Let w = -44 - -47. Suppose -8*u + 1040 = -w*u. What are the prime factors of u?
2, 13
Let y be 15/10 + 2/4. Suppose 3*f - y*f = 0. Suppose w + 3*b = -b + 45, -w - 3*b + 43 = f. List the prime factors of w.
37
Let f = -30 + -19. Let b = f - -71. List the prime factors of b.
2, 11
Let y(i) = -i**3 + 5*i + 9*i**2 + i - 11 - 2*i**2. Let l(c) = -c**3 - 23*c**2 - 44*c - 35. Let x be l(-21). List the prime factors of y(x).
31
What are the prime factors of (1275/(-9) + 1)*-6?
2, 211
Let d = 50 - 29. Suppose -d - 324 = -5*s. List the prime factors of s.
3, 23
Suppose -12*b + 15*b + 384 = 0. List the prime factors of (4 + b/3)*-3.
2, 29
Let v = 679 - 91. What are the prime factors of v?
2, 3, 7
Let q be 0 + 184 + (-10)/5. Suppose -5*t + 8 = -q. What are the prime factors of t?
2, 19
Suppose -4*w + 1093 + 11 = 0. List the prime factors of w.
2, 3, 23
Let f = 1353 - 576. List the prime factors of f.
3, 7, 37
Suppose 4*z + d - 4608 = 0, -z - 4*d = 3*z - 4596. List the prime factors of z.
1153
Let x(d) = 127*d**2 - 54*d + 165. What are the prime factors of x(3)?
2, 3, 191
Suppose -5*d + 3 = -2*j, 28 + 20 = -4*j - 4*d. Let c(w) = w**2 - 6*w - 26. List the prime factors of c(j).
109
Suppose 4180 - 1079 = 3*s - a, -2*s = 5*a - 2090. What are the prime factors of s?
3, 5, 23
Let f(o) = -o - 34. Let z be f(-16). What are the prime factors of z/(-63) + 934/14?
67
Let i = 59 - 43. Suppose i*r - 4247 = -375. What are the prime factors of r?
2, 11
Let s = 6 - 22. Let n = -14 - s. Suppose -40 = -3*w - n*w. List the prime factors of w.
2
Let n(j) = j - 2. Let z be n(7). Let f be (-26)/(-65) + (-47)/z. Let x(p) = -p**3 - 10*p**2 - 11*p - 10. List the prime factors of x(f).
2
Let l(v) = v - 8. Let b be l(4). Let h(w) = -w**3 - 2*w**2 + 9*w + 6. Let x be h(b). What are the prime factors of 9 - (4/x - 5)?
2, 3
Let p = -101 - -210. Let b = p - 65. Suppose b = -6*z + 434. What are the prime factors of z?
5, 13
Let c be (-2)/(-5) + (-1040)/(-25). Suppose 9*l + c = 6*l. Let x = l - -28. List the prime factors of x.
2, 7
Suppose 2 = 3*c - g - 13, -5*g + 10 = 2*c. Let t(p) = -2*p**3 + 7*p - 14 + 6 + p**3 + 4*p**2. List the prime factors of t(c).
2
Suppose 0 = -5*r - 8146 + 28136. What are the prime factors of r?
2, 1999
Let z = -233 - -351. Let d = z + -80. What are the prime factors of d?
2, 19
Suppose 0*k = -5*k - 5*d + 2060, k - 410 = d. List the prime factors of k.
3, 137
Let q(p) = -p**3 + 7*p**2 - 7*p + 6. Let d be q(6). Suppose k + 3*k - 100 = d. What are the prime factors of k?
5
Let u be -1 + 1/2*(2 - 0). Suppose -2*n + n + 163 = u. What are the prime factors of n?
163
Suppose -2*h - 55 = 9. Let l = 37 - h. List the prime factors of l.
3, 23
Let v = -21 - 163. Let n be v/44 - 2/(-11). List the prime factors of 2/n + (-22)/(-4).
5
Let d(b) = -2 + 16*b + 0 - 2 + 3. Let j be d(1). Let z = 26 - j. What are the prime factors of z?
11
Suppose -32*z + 6790 = -18*z. What are the prime factors of z?
5, 97
Let n = 12 - 9. Suppose -5*k - 27 = n. Let a(d) = d**2 + 2. List the prime factors of a(k).
2, 19
Let y be -1 - (-22 - (-2 - 1)). Suppose 0 = 17*z - y*z + 3. List the prime factors of z.
3
Suppose m + 0 + 1 = 2*h, 3*m + 2*h = -43. Let g(i) = -i**3 - 10*i**2 + 9*i + 7. List the prime factors of g(m).
29
Suppose -5*y - g = g - 1398, 564 = 2*y - 4*g. List the prime factors of y.
2, 5, 7
Let y(s) = s - 2. Let h be y(5). Let a(t) be the third derivative of t**5/12 + t**4/24 - t**3/3 - 4*t**2. List the prime factors of a(h).
2, 23
Suppose 2*x + 0*x = -5*p + 37, -2*x = 3*p - 23. Suppose 3*b - p*b = -2*q - 984, 2*b - 484 = -q. What are the prime factors of b?
2, 61
Let m = 234 + -134. Suppose -3*g + 189 = t, 3*g + 2*g - 319 = -3*t. Let y = m - g. List the prime factors of y.
2, 19
Let x = -53 - -89. Suppose 120 = 3*f + x. Suppose f = 2*j - 2*r - 6, r = 1. List the prime factors of j.
2, 3
Let g = 9 + -6. Suppose -11 + 11 = 3*t. Suppose 2*f = s + 11, g*f + 4*s + 11 = -t*f. List the prime factors of f.
3
Let t(o) = -o**2 + 11*o - 5. Let u be t(7). Suppose 4*s = u - 7. Suppose 108 = 4*w + s*a, -2*w + 5*a + 27 = -w. What are the prime factors of w?
3
Suppose 12*g - 135 = -3. Let w(t) = 6*t + 2. List the prime factors of w(g).
2, 17
Let q(l) = -9*l**3 - 17*l**2 - 31*l - 100. List the prime factors of q(-7).
2371
Let j be (-12)/(-42) - 4/14. Let u be (-2)/(-2)*(j + 3). List the prime factors of (-149)/(-6) + u/18.
5
What are the prime factors of 7*(-208)/168*-171?
2, 3, 13, 19
Suppose 0 = 3*z + 2*f - 8039, f - 6083 = -5*z + 7320. List the prime factors of z.
7, 383
Let z be (1/(-5) + 52/(-65))*3. What are the prime factors of 195 + z - (7 - 4)?
3, 7
Let s(c) = c**2 + 7*c + 16. Let f be s(-5). List the prime factors of 117/f*8/3.
2, 13
Let r(o) = -13*o**3 - 2*o**2 - 11*o + 62. Let n(x) = 7*x**3 + x**2 + 6*x - 31. Let w(y) = 11*n(y) + 6*r(y). List the prime factors of w(0).
31
Let s(r) = -2*r + 19. Let h be s(7). Suppose -255 = 2*u - 4*u + h*q, 585 = 5*u + 5*q. List the prime factors of u.
2, 3, 5
Suppose 2*q - 15 